{"id":46,"date":"2016-01-15T10:40:04","date_gmt":"2016-01-15T09:40:04","guid":{"rendered":"http:\/\/www.olafrichter.de\/?page_id=46"},"modified":"2026-03-26T10:25:05","modified_gmt":"2026-03-26T09:25:05","slug":"leistungen","status":"publish","type":"page","link":"https:\/\/www.olafrichter.de\/?page_id=46","title":{"rendered":"Leistungen"},"content":{"rendered":"<p>[et_pb_section fb_built=&#8220;1&#8243; _builder_version=&#8220;4.16&#8243; global_colors_info=&#8220;{}&#8220;][et_pb_row column_structure=&#8220;1_2,1_2&#8243; _builder_version=&#8220;4.16&#8243; background_size=&#8220;initial&#8220; background_position=&#8220;top_left&#8220; background_repeat=&#8220;repeat&#8220; global_colors_info=&#8220;{}&#8220;][et_pb_column type=&#8220;1_2&#8243; _builder_version=&#8220;4.16&#8243; custom_padding=&#8220;|||&#8220; global_colors_info=&#8220;{}&#8220; custom_padding__hover=&#8220;|||&#8220;][et_pb_text admin_label=&#8220;Beratung &#8211; Text&#8220; _builder_version=&#8220;4.16&#8243; background_size=&#8220;initial&#8220; background_position=&#8220;top_left&#8220; background_repeat=&#8220;repeat&#8220; use_border_color=&#8220;off&#8220; global_colors_info=&#8220;{}&#8220;]<\/p>\n<h2 class=\"paragraph_style_1\"><img loading=\"lazy\" decoding=\"async\" class=\"size-full wp-image-134 alignleft\" src=\"https:\/\/www.olafrichter.de\/wp-content\/uploads\/2016\/01\/beratung.png\" alt=\"beratung\" width=\"132\" height=\"116\" \/><span style=\"color: #00007e;\">Beratung\/Verkauf<\/span><\/h2>\n<p class=\"paragraph_style_1\">Beratung und Verkauf von Artikeln f\u00fcr den t\u00e4glichen Bedarf der Physio- und Ergotherapie<\/p>\n<p>[\/et_pb_text][\/et_pb_column][et_pb_column type=&#8220;1_2&#8243; _builder_version=&#8220;4.16&#8243; custom_padding=&#8220;|||&#8220; global_colors_info=&#8220;{}&#8220; custom_padding__hover=&#8220;|||&#8220;][et_pb_text admin_label=&#8220;Planung &#8211; Text&#8220; _builder_version=&#8220;4.16&#8243; background_size=&#8220;initial&#8220; background_position=&#8220;top_left&#8220; background_repeat=&#8220;repeat&#8220; use_border_color=&#8220;off&#8220; global_colors_info=&#8220;{}&#8220;]<\/p>\n<div id=\"id4\" class=\"style_SkipStroke_2 shape-with-text\">\n<div class=\"text-content graphic_textbox_layout_style_default_External_313_83\">\n<div class=\"graphic_textbox_layout_style_default\">\n<h2 class=\"paragraph_style_1\"><img loading=\"lazy\" decoding=\"async\" class=\"size-full wp-image-135 alignleft\" src=\"https:\/\/www.olafrichter.de\/wp-content\/uploads\/2016\/01\/planung.png\" alt=\"planung\" width=\"127\" height=\"102\" \/><span style=\"color: #00007e;\">Planung<\/span><\/h2>\n<p class=\"paragraph_style_1\">Individuelle Planung Ihrer zuk\u00fcnftigen Physiotherapie oder Massagepraxis<\/p>\n<\/div>\n<\/div>\n<\/div>\n<p>[\/et_pb_text][\/et_pb_column][\/et_pb_row][et_pb_row _builder_version=&#8220;4.16&#8243; background_size=&#8220;initial&#8220; background_position=&#8220;top_left&#8220; background_repeat=&#8220;repeat&#8220; global_colors_info=&#8220;{}&#8220;][et_pb_column type=&#8220;4_4&#8243; _builder_version=&#8220;4.16&#8243; custom_padding=&#8220;|||&#8220; global_colors_info=&#8220;{}&#8220; custom_padding__hover=&#8220;|||&#8220;][et_pb_code admin_label=&#8220;Linie&#8220; _builder_version=&#8220;4.16&#8243; custom_css_main_element=&#8220; border:none;|| border-top:4px dotted #00007e;|| color:#fff;|| background-color:#fff;|| height:4px;|| width:100%;&#8220; saved_tabs=&#8220;all&#8220; global_colors_info=&#8220;{}&#8220;][\/et_pb_code][\/et_pb_column][\/et_pb_row][et_pb_row column_structure=&#8220;1_2,1_2&#8243; _builder_version=&#8220;4.16&#8243; background_size=&#8220;initial&#8220; background_position=&#8220;top_left&#8220; background_repeat=&#8220;repeat&#8220; global_colors_info=&#8220;{}&#8220;][et_pb_column type=&#8220;1_2&#8243; _builder_version=&#8220;4.16&#8243; custom_padding=&#8220;|||&#8220; global_colors_info=&#8220;{}&#8220; custom_padding__hover=&#8220;|||&#8220;][et_pb_text admin_label=&#8220;Lieferung &#8211; Text&#8220; _builder_version=&#8220;4.16&#8243; background_size=&#8220;initial&#8220; background_position=&#8220;top_left&#8220; background_repeat=&#8220;repeat&#8220; use_border_color=&#8220;off&#8220; global_colors_info=&#8220;{}&#8220;]<\/p>\n<h2 class=\"paragraph_style_1\"><span style=\"color: #2972a5;\"><br \/>\n<img loading=\"lazy\" decoding=\"async\" class=\"size-full wp-image-166 alignleft\" src=\"https:\/\/www.olafrichter.de\/wp-content\/uploads\/2016\/01\/lieferung.png\" alt=\"lieferung\" width=\"125\" height=\"194\" \/><span style=\"color: #00007e;\">Lieferung<\/span><br \/>\n<\/span><\/h2>\n<p class=\"paragraph_style_1\">Anlieferung der erworbenen Artikel mit eigenen Fahrern oder Paketdienst<\/p>\n<p class=\"paragraph_style_3\">Kostenlose Lieferung ab 100 \u20ac Netto-Warenwert\u00a0bis 100 \u20ac Netto-Warenwert werden 6,90 \u20ac berechnet<\/p>\n<p class=\"paragraph_style_3\">(Gesonderte Transportkosten siehe Transportkostentabelle Katalog)<\/p>\n<p>[\/et_pb_text][\/et_pb_column][et_pb_column type=&#8220;1_2&#8243; _builder_version=&#8220;4.16&#8243; custom_padding=&#8220;|||&#8220; global_colors_info=&#8220;{}&#8220; custom_padding__hover=&#8220;|||&#8220;][et_pb_text admin_label=&#8220;Montage &#8211; Text&#8220; _builder_version=&#8220;4.27.5&#8243; background_size=&#8220;initial&#8220; background_position=&#8220;top_left&#8220; background_repeat=&#8220;repeat&#8220; hover_enabled=&#8220;0&#8243; use_border_color=&#8220;off&#8220; global_colors_info=&#8220;{}&#8220; sticky_enabled=&#8220;0&#8243;]<\/p>\n<div id=\"id4\" class=\"style_SkipStroke_2 shape-with-text\">\n<div class=\"text-content graphic_textbox_layout_style_default_External_313_83\">\n<div class=\"graphic_textbox_layout_style_default\">\n<h2 class=\"paragraph_style_1\"><span style=\"color: #2972a5;\"><br \/><img loading=\"lazy\" decoding=\"async\" class=\"size-full wp-image-165 alignleft\" src=\"https:\/\/www.olafrichter.de\/wp-content\/uploads\/2016\/01\/montage.png\" alt=\"montage\" width=\"128\" height=\"131\" \/><span style=\"color: #00007e;\">Montage<\/span><br \/><\/span><\/h2>\n<p class=\"paragraph_style_1\">Fachgerechte Montage und Einweisung der gelieferten Ger\u00e4te gem\u00e4\u00df den geltenden Vorschriften der MPBetreibV und MDR.<\/p>\n<\/div>\n<\/div>\n<\/div>\n<p>[\/et_pb_text][\/et_pb_column][\/et_pb_row][et_pb_row _builder_version=&#8220;4.16&#8243; background_size=&#8220;initial&#8220; background_position=&#8220;top_left&#8220; background_repeat=&#8220;repeat&#8220; global_colors_info=&#8220;{}&#8220;][et_pb_column type=&#8220;4_4&#8243; _builder_version=&#8220;4.16&#8243; custom_padding=&#8220;|||&#8220; global_colors_info=&#8220;{}&#8220; custom_padding__hover=&#8220;|||&#8220;][et_pb_code admin_label=&#8220;Linie&#8220; _builder_version=&#8220;4.16&#8243; custom_css_main_element=&#8220; border:none;|| border-top:4px dotted #00007e;|| color:#fff;|| background-color:#fff;|| height:4px;|| width:100%;&#8220; global_colors_info=&#8220;{}&#8220;][\/et_pb_code][\/et_pb_column][\/et_pb_row][et_pb_row column_structure=&#8220;1_2,1_2&#8243; _builder_version=&#8220;4.16&#8243; background_size=&#8220;initial&#8220; background_position=&#8220;top_left&#8220; background_repeat=&#8220;repeat&#8220; global_colors_info=&#8220;{}&#8220;][et_pb_column type=&#8220;1_2&#8243; _builder_version=&#8220;4.16&#8243; custom_padding=&#8220;|||&#8220; global_colors_info=&#8220;{}&#8220; custom_padding__hover=&#8220;|||&#8220;][et_pb_text admin_label=&#8220;Reparatur &#8211; Text&#8220; _builder_version=&#8220;4.16&#8243; background_size=&#8220;initial&#8220; background_position=&#8220;top_left&#8220; background_repeat=&#8220;repeat&#8220; use_border_color=&#8220;off&#8220; global_colors_info=&#8220;{}&#8220;]<img loading=\"lazy\" decoding=\"async\" class=\"size-full wp-image-164 alignleft\" src=\"https:\/\/www.olafrichter.de\/wp-content\/uploads\/2016\/01\/reparatur.png\" alt=\"reparatur\" width=\"132\" height=\"121\" \/><\/p>\n<h2 class=\"paragraph_style_1\"><span style=\"color: #00007e;\">Reparatur<\/span><\/h2>\n<p class=\"paragraph_style_1\">Reparaturservice f\u00fcr Behandlungsliegen, Strahler, W\u00e4rmetr\u00e4gerbereiter, etc.. Au\u00dferdem bieten wir auch Reparaturersatzger\u00e4te und Polsterservice an.<\/p>\n<p>[\/et_pb_text][\/et_pb_column][et_pb_column type=&#8220;1_2&#8243; _builder_version=&#8220;4.16&#8243; custom_padding=&#8220;|||&#8220; global_colors_info=&#8220;{}&#8220; custom_padding__hover=&#8220;|||&#8220;][et_pb_text admin_label=&#8220;sicherheitstechnische Kontrolle &#8211; Text&#8220; _builder_version=&#8220;4.27.5&#8243; background_size=&#8220;initial&#8220; background_position=&#8220;top_left&#8220; background_repeat=&#8220;repeat&#8220; use_border_color=&#8220;off&#8220; global_colors_info=&#8220;{}&#8220;]<\/p>\n<div id=\"id4\" class=\"style_SkipStroke_2 shape-with-text\">\n<div class=\"text-content graphic_textbox_layout_style_default_External_313_83\">\n<div class=\"graphic_textbox_layout_style_default\">\n<p><img loading=\"lazy\" decoding=\"async\" class=\"size-full wp-image-163 alignleft\" src=\"https:\/\/www.olafrichter.de\/wp-content\/uploads\/2016\/01\/sikontrolle.png\" alt=\"sikontrolle\" width=\"125\" height=\"136\" \/><\/p>\n<h2 class=\"paragraph_style_1\"><span style=\"color: #00007e;\">sicherheitstechnische Kontrolle<\/span><\/h2>\n<p class=\"paragraph_style_1\">Pr\u00fcfung medizinischer Ger\u00e4te<br \/>gem\u00e4\u00df DIN EN 62353 (VDE 0751-1)<br data-start=\"2570\" data-end=\"2573\" \/>nach den Anforderungen der MPBetreibV und MDR<\/p>\n<\/div>\n<\/div>\n<\/div>\n<p>[\/et_pb_text][\/et_pb_column][\/et_pb_row][et_pb_row _builder_version=&#8220;4.16&#8243; background_size=&#8220;initial&#8220; background_position=&#8220;top_left&#8220; background_repeat=&#8220;repeat&#8220; global_colors_info=&#8220;{}&#8220;][et_pb_column type=&#8220;4_4&#8243; _builder_version=&#8220;4.16&#8243; custom_padding=&#8220;|||&#8220; global_colors_info=&#8220;{}&#8220; custom_padding__hover=&#8220;|||&#8220;][et_pb_code admin_label=&#8220;Linie&#8220; _builder_version=&#8220;4.16&#8243; custom_css_main_element=&#8220; border:none;|| border-top:4px dotted #00007e;|| color:#fff;|| background-color:#fff;|| height:4px;|| width:100%;&#8220; global_colors_info=&#8220;{}&#8220;][\/et_pb_code][\/et_pb_column][\/et_pb_row][et_pb_row column_structure=&#8220;1_2,1_2&#8243; _builder_version=&#8220;4.16&#8243; background_size=&#8220;initial&#8220; background_position=&#8220;top_left&#8220; background_repeat=&#8220;repeat&#8220; global_colors_info=&#8220;{}&#8220;][et_pb_column type=&#8220;1_2&#8243; _builder_version=&#8220;4.16&#8243; custom_padding=&#8220;|||&#8220; global_colors_info=&#8220;{}&#8220; custom_padding__hover=&#8220;|||&#8220;][et_pb_text admin_label=&#8220;Schulungen &#8211; Text&#8220; _builder_version=&#8220;4.16&#8243; background_size=&#8220;initial&#8220; background_position=&#8220;top_left&#8220; background_repeat=&#8220;repeat&#8220; use_border_color=&#8220;off&#8220; global_colors_info=&#8220;{}&#8220;]<img loading=\"lazy\" decoding=\"async\" class=\"size-full wp-image-162 alignleft\" src=\"https:\/\/www.olafrichter.de\/wp-content\/uploads\/2016\/01\/schulungen.png\" alt=\"schulungen\" width=\"130\" height=\"121\" \/><\/p>\n<h2 class=\"paragraph_style_1\"><span style=\"color: #00007e;\">Schulungen<\/span><\/h2>\n<p class=\"paragraph_style_1\">Auf Wunsch schulen wir Sie und Ihr Team auf die bei uns erworbenen Ger\u00e4te.<\/p>\n<p class=\"paragraph_style_1\">F\u00fcr Fortbildungen bieten wir einen Ger\u00e4teservice.<\/p>\n<p>[\/et_pb_text][\/et_pb_column][et_pb_column type=&#8220;1_2&#8243; _builder_version=&#8220;4.16&#8243; custom_padding=&#8220;|||&#8220; global_colors_info=&#8220;{}&#8220; custom_padding__hover=&#8220;|||&#8220;][et_pb_text admin_label=&#8220;Logo &#8211; Text&#8220; _builder_version=&#8220;4.16&#8243; background_size=&#8220;initial&#8220; background_position=&#8220;top_left&#8220; background_repeat=&#8220;repeat&#8220; use_border_color=&#8220;off&#8220; global_colors_info=&#8220;{}&#8220;]<\/p>\n<div id=\"id4\" class=\"style_SkipStroke_2 shape-with-text\">\n<div class=\"text-content graphic_textbox_layout_style_default_External_313_83\">\n<div class=\"graphic_textbox_layout_style_default\">\n<p><img loading=\"lazy\" decoding=\"async\" class=\"alignnone size-full wp-image-161\" src=\"https:\/\/www.olafrichter.de\/wp-content\/uploads\/2016\/01\/olafrichter.png\" alt=\"olafrichter\" width=\"76\" height=\"132\" \/>\u00a0\u00a0\u00a0\u00a0\u00a0\u00a0\u00a0\u00a0 <img loading=\"lazy\" decoding=\"async\" class=\"alignnone wp-image-1264\" src=\"https:\/\/www.olafrichter.de\/wp-content\/uploads\/2018\/10\/OLaf-Richter-Logo_Bild-mit-Schrift_180918-300x151.png\" alt=\"OLaf-Richter-Logo_Bild-mit-Schrift_180918\" width=\"264\" height=\"133\" srcset=\"https:\/\/www.olafrichter.de\/wp-content\/uploads\/2018\/10\/OLaf-Richter-Logo_Bild-mit-Schrift_180918-300x151.png 300w, https:\/\/www.olafrichter.de\/wp-content\/uploads\/2018\/10\/OLaf-Richter-Logo_Bild-mit-Schrift_180918-768x386.png 768w, https:\/\/www.olafrichter.de\/wp-content\/uploads\/2018\/10\/OLaf-Richter-Logo_Bild-mit-Schrift_180918-1024x515.png 1024w, https:\/\/www.olafrichter.de\/wp-content\/uploads\/2018\/10\/OLaf-Richter-Logo_Bild-mit-Schrift_180918-1080x543.png 1080w, https:\/\/www.olafrichter.de\/wp-content\/uploads\/2018\/10\/OLaf-Richter-Logo_Bild-mit-Schrift_180918.png 1759w\" sizes=\"(max-width: 264px) 100vw, 264px\" \/><\/p>\n<\/div>\n<\/div>\n<\/div>\n<p>[\/et_pb_text][\/et_pb_column][\/et_pb_row][et_pb_row _builder_version=&#8220;4.16&#8243; background_size=&#8220;initial&#8220; background_position=&#8220;top_left&#8220; background_repeat=&#8220;repeat&#8220; global_colors_info=&#8220;{}&#8220;][et_pb_column type=&#8220;4_4&#8243; _builder_version=&#8220;4.16&#8243; custom_padding=&#8220;|||&#8220; global_colors_info=&#8220;{}&#8220; custom_padding__hover=&#8220;|||&#8220;][et_pb_code admin_label=&#8220;Linie&#8220; _builder_version=&#8220;4.16&#8243; custom_css_main_element=&#8220; border:none;|| border-top:4px dotted #00007e;|| color:#fff;|| background-color:#fff;|| height:4px;|| width:100%;&#8220; global_colors_info=&#8220;{}&#8220;][\/et_pb_code][\/et_pb_column][\/et_pb_row][\/et_pb_section]<\/p>\n","protected":false},"excerpt":{"rendered":"<p>Beratung\/Verkauf Beratung und Verkauf von Artikeln f\u00fcr den t\u00e4glichen Bedarf der Physio- und Ergotherapie Planung Individuelle Planung Ihrer zuk\u00fcnftigen Physiotherapie oder Massagepraxis Lieferung Anlieferung der erworbenen Artikel mit eigenen Fahrern oder Paketdienst Kostenlose Lieferung ab 100 \u20ac Netto-Warenwert\u00a0bis 100 \u20ac Netto-Warenwert werden 6,90 \u20ac berechnet (Gesonderte Transportkosten siehe Transportkostentabelle Katalog) Montage Fachgerechte Montage und Einweisung [&hellip;]<\/p>\n","protected":false},"author":1,"featured_media":0,"parent":0,"menu_order":0,"comment_status":"closed","ping_status":"closed","template":"","meta":{"_et_pb_use_builder":"on","_et_pb_old_content":"","_et_gb_content_width":"","footnotes":""},"class_list":["post-46","page","type-page","status-publish","hentry"],"_links":{"self":[{"href":"https:\/\/www.olafrichter.de\/index.php?rest_route=\/wp\/v2\/pages\/46","targetHints":{"allow":["GET"]}}],"collection":[{"href":"https:\/\/www.olafrichter.de\/index.php?rest_route=\/wp\/v2\/pages"}],"about":[{"href":"https:\/\/www.olafrichter.de\/index.php?rest_route=\/wp\/v2\/types\/page"}],"author":[{"embeddable":true,"href":"https:\/\/www.olafrichter.de\/index.php?rest_route=\/wp\/v2\/users\/1"}],"replies":[{"embeddable":true,"href":"https:\/\/www.olafrichter.de\/index.php?rest_route=%2Fwp%2Fv2%2Fcomments&post=46"}],"version-history":[{"count":11,"href":"https:\/\/www.olafrichter.de\/index.php?rest_route=\/wp\/v2\/pages\/46\/revisions"}],"predecessor-version":[{"id":1832,"href":"https:\/\/www.olafrichter.de\/index.php?rest_route=\/wp\/v2\/pages\/46\/revisions\/1832"}],"wp:attachment":[{"href":"https:\/\/www.olafrichter.de\/index.php?rest_route=%2Fwp%2Fv2%2Fmedia&parent=46"}],"curies":[{"name":"wp","href":"https:\/\/api.w.org\/{rel}","templated":true}]}}